m + 4*o = -30*m - 83722. What is the highest common divisor of 22 and m?
22
Suppose k = -s + 891, s + 3*s - 3570 = -k. Suppose -5*r - j = -1081, 4*j - 249 = 3*r - s. What is the greatest common factor of r and 4?
4
Let d(f) = 8*f**2 + 5*f + 7. Let k be d(7). Let s(m) = m**3 + 6*m**2 - 4*m - 6. Let v be s(-4). Calculate the highest common factor of k and v.
14
Suppose 0 = -5*f - 30, 9*s + 5*f - 56445 = 4*s. Calculate the greatest common factor of 45 and s.
45
Let c = -5162 + 5163. What is the greatest common factor of c and 3712?
1
Suppose -69 = -k + 4*y - 5*y, -4*k - 5*y = -282. Calculate the greatest common factor of k and 189.
63
Let g(r) = -17*r**3 - 12*r**2 + 20*r + 211. Let d be g(-8). What is the highest common factor of 326 and d?
163
Suppose -56 = -3*k - 47. Suppose 2*a - 150 = -k*a. What is the greatest common factor of a and 45?
15
Let u = 28193 - 28189. What is the highest common divisor of u and 20?
4
Suppose -26*a - 446 = -82. Let o be (a - (-5 - 0) - -2)*-13. What is the greatest common factor of o and 546?
91
Suppose 1607 - 485 = 5*b + 4*r, 456 = 2*b - 2*r. What is the greatest common divisor of 4 and b?
2
Suppose 5*l - 1098*d + 1101*d = 1597, -2*l - 2*d + 638 = 0. Let u be 3/(4 - (-314)/(-80)). Calculate the greatest common factor of l and u.
40
Let x be (-1 - (5 - 9)) + (-6 - -339). Suppose -3*w - 4*u = -10 - 504, 4*u + x = 2*w. What is the greatest common divisor of w and 10?
10
Let m(f) = 2*f**3 + 37*f**2 - 17*f + 37. Let w be m(-19). Let x(p) = -7*p**3 + p**2 + p + 1. Let h be x(w). Calculate the highest common divisor of h and 62.
2
Suppose 23*o - 16*o = 20*o - 51129. What is the highest common factor of o and 27?
9
Let c = 22645 - 22638. Calculate the highest common divisor of 14329 and c.
7
Suppose 4*t = -x + 103, -3*t - 650 = -5*x - 43. Suppose x*d = 131*d - 5400. What is the greatest common divisor of 18 and d?
18
Let c(q) = 13*q + 8. Let n(x) = x. Let o(r) = c(r) - 2*n(r). Let t be o(7). Let d = -193 - -227. What is the highest common factor of d and t?
17
Let n(y) = 6*y - 43. Let r be n(13). Suppose -576 = -r*p + 27*p. Calculate the highest common divisor of 54 and p.
18
Let j(b) = -11*b - 7. Let h be j(-4). Suppose 3*y = 2*o + h, 19 = 4*y + o - 45. Calculate the highest common divisor of 15 and y.
15
Suppose -80 = m - 6*m. Let r(g) = 3*g**2 - 7*g + 8. Let a be r(2). Let v(z) = 2*z**2 + 12*z - 16. Let i be v(a). What is the greatest common factor of i and m?
16
Let i(q) = q**2 - 2*q - 10. Let a be i(-7). Suppose a = 2*m + 3*x + 28, 0 = -3*x + 3. What is the greatest common factor of 88 and m?
11
Let t be (-72)/(-36)*(3 + -1). What is the greatest common divisor of t and 1072?
4
Let u = -4 - -6. Let f(p) = 190*p - 4. Let t be f(1). Let g = t - 170. Calculate the highest common divisor of g and u.
2
Suppose -2*b - a = -1, 5*b + 6*a - 10 = 5*a. Let i be 30 - (b/3 - 4). Let z = i - -21. Calculate the greatest common factor of 27 and z.
27
Suppose -2*j + 3*x = x - 24, 5*j + x = 42. Suppose j*a - 94 - 23 = 0. Let i be 117 + -2 - (-4 - -2). What is the highest common factor of i and a?
13
Let n(s) = -3*s. Let c be 4/(-7) + 30/(-70). Let b be n(c). Suppose -b*y = -12 - 63. What is the greatest common factor of y and 225?
25
Suppose 70034 + 37726 = 5*u. Suppose -3300 = 36*g - u. Calculate the highest common divisor of 39 and g.
39
Let x = -62 + 76. Let f = x - 14. Suppose f = k - 2*c - 66, 5*k + 5*c + 56 = 416. What is the greatest common factor of k and 10?
10
Let j be (-100)/525*-1036 - 2/(-3). What is the greatest common divisor of j and 352?
22
Suppose -5*x - 6 = -46, 4*q = 3*x + 7016. What is the greatest common factor of 990 and q?
110
Let q(p) = -p**3 - p**2 - 4*p. Let o be q(0). Suppose 4*k + 2892 = 5*x, -k - 579 = -x - o*x. Calculate the highest common factor of x and 64.
64
Suppose -3*g - 1685 = -37*g + 2905. Calculate the greatest common divisor of 3735 and g.
45
Let l = -4773 + 15971. Calculate the greatest common divisor of 22 and l.
22
Let i(p) = -p**2 - 41*p - 30. Let n = -369 + 330. Let h be i(n). Let s(o) = -o**3 + o + 240. Let l be s(0). What is the greatest common divisor of h and l?
48
Let n be -4*3/(-12)*15. Let d = 847 + -835. What is the greatest common factor of n and d?
3
Let u(b) = 30*b**2 - 468*b + 22. Let d be u(16). Calculate the greatest common factor of 7811 and d.
107
Let o(a) = -48*a + 0 - 1 + 6. Let n be o(-7). Suppose 4*y + 5*t = 204, 11*t + 13 = 16*t - 67. Calculate the highest common divisor of n and y.
31
Let j = -102 + 109. Suppose -64 = -j*s + 76. Let d(b) = b**3 + 5*b**2 + 3*b + 4. Let m be d(-4). Calculate the greatest common divisor of s and m.
4
Let b(n) = -5*n**3 - 73*n**2 + 107*n - 65. Let r be b(-16). Suppose q - 3*s = s + 44, 2*q = -s + 43. What is the greatest common divisor of q and r?
3
Suppose 3*l = -4 + 22. Let g = 965 - 688. Suppose 2*n - l*v - 135 = -v, 4*n = 3*v + g. Calculate the highest common divisor of 28 and n.
14
Suppose i = 2*k + 7436, -2*k + 37097 = 5*i - 71. What is the greatest common divisor of 59 and i?
59
Let i = -4283 + 4315. Let c = 15 - -41. Calculate the highest common factor of c and i.
8
Suppose k - 2 - 1 = 3*g, -k = g - 3. Suppose g*d = 2*d + 22. Let y = -1 - d. Calculate the highest common factor of 5 and y.
5
Let k be 946/(-10) + 46/10 + -4. Let o = k + 91. Let t be (0 - (1 + o)) + 2. Calculate the greatest common divisor of 20 and t.
4
Let u = 23 + -14. Let b be 588/(-1078)*3*(-110)/45. What is the greatest common factor of b and u?
1
Let z(r) = -18*r + 118. Let x be z(9). Let y be (-19)/((-8)/x - 70/264). What is the highest common factor of 24 and y?
12
Let a be (11 - (4 + -8)) + 0 + 4/4. Calculate the greatest common divisor of 2680 and a.
8
Let o(b) = -b**3 + 3*b**2 + 2*b + 6. Let w be o(3). Let q(h) = -h**2 + 17*h. Let a be q(w). Calculate the greatest common factor of a and 2.
2
Suppose 608 = 47*s - 39*s. Calculate the greatest common factor of 19 and s.
19
Let c be ((-15254)/(-1841))/(2/28). Calculate the greatest common divisor of c and 2030.
58
Let g = 14371 + -13921. What is the highest common factor of g and 42?
6
Suppose 5*o + 0*o = 0, -3*o = -4*d + 500. Let s = d + -100. Suppose 3*v = -c - c + s, -2*v - 16 = -c. Calculate the greatest common divisor of 4 and c.
2
Suppose 2*i = i. Suppose 9*m - 7*m = -2*l + 16, 3*l = 3*m - 30. Let a be (i + (-24)/m)*-3. Calculate the highest common divisor of a and 4.
4
Suppose -4*x = -4*v - 5*x + 195, 0 = 4*v - x - 197. Suppose v*s + 2280 = 55*s. Calculate the highest common divisor of s and 228.
76
Let o(j) = j**2 - 8*j + 3. Let p be o(-4). Let s = -49 + p. Suppose -3*u - 1 = -4, -u + 69 = s*f. Calculate the highest common factor of f and 51.
17
Suppose 4*h = h + 2*m + 36, 5*h + 3*m - 60 = 0. Let y be h/(-3)*2*-1. Let k be 6/8 + 14130/108*6/20. Calculate the greatest common divisor of y and k.
8
Let d(y) = 2*y**2 - y + 9. Let z be d(7). Let l = z - -18. Suppose 0*i + 44 = x - 4*i, 3*x - l = 5*i. Calculate the greatest common divisor of x and 12.
12
Let v = -3027 + 3066. Calculate the highest common divisor of 26 and v.
13
Suppose 2339*h = 2310*h + 1276. Calculate the greatest common divisor of 1309 and h.
11
Let s be (934/(-3269))/(1/(-49)). What is the greatest common divisor of 20986 and s?
14
Suppose -9*c - 175*c - 94*c = -1112. What is the greatest common factor of c and 8924?
4
Let i = 1064 + -80. Let r = -789 + i. Calculate the highest common factor of r and 30.
15
Let u(f) = -f**3 + 5*f**2 + f - 16. Let s be u(5). Let a be s/11*-1*13. Let n be 4/26 - 1519/(-13). Calculate the greatest common divisor of a and n.
13
Let j be 4/((-36)/(-15)) + 77550/990. Let h(w) = -4*w - 8. Let r be h(-6). What is the highest common divisor of j and r?
16
Let z be (-8)/1 + (-4)/(-6)*(2192 + 16). Calculate the greatest common factor of 30 and z.
6
Let v be (-8)/((-40)/(-25)) - -32. Suppose -v = -g - 2*d, 2*g = d + 7 + 57. Calculate the greatest common factor of g and 31.
31
Let q be 15/(-9)*(-168)/70*3. Let c be 33 + (-2)/2*(-5 - -6). What is the greatest common divisor of c and q?
4
Let n = -4944 + 6363. Calculate the greatest common factor of 172 and n.
43
Let p(k) = 3*k**3 - 10*k**2 + 65*k - 15. Let s be p(9). What is the greatest common factor of 118 and s?
59
Suppose 13662 = 75*u + 132*u. What is the hig